{"id":2013345,"date":"2023-02-15T13:38:16","date_gmt":"2023-02-15T13:38:16","guid":{"rendered":"https:\/\/nimblecamper.com\/vaude-drive-van\/"},"modified":"2023-03-22T10:00:14","modified_gmt":"2023-03-22T10:00:14","slug":"vaude-drive-van","status":"publish","type":"product","link":"https:\/\/nimblecamper.com\/de\/vaude-drive-van\/","title":{"rendered":"VAUDE Drive Van Autozelt, Heckzelt"},"content":{"rendered":"\n<p><\/p>\n\n<ul class=\"wp-block-list\">\n<li><strong>Abmessungen<\/strong> L\u00e4nge 350 cm, Breite 335 cm, H\u00f6he 225 cm<\/li>\n\n\n\n<li><strong><strong>Seiten- und Heckfenster mit Moskitonetzen <\/strong>und eine breite Front\u00f6ffnung mit doppeltem Rei\u00dfverschluss, so dass die T\u00fcr oben aufgefangen werden kann<\/strong><\/li>\n\n\n\n<li><strong>Freistehend &#8211; wegfahrbar<\/strong> (lassen Sie das Autozelt stehen, wenn Sie mit dem Auto wegfahren)<\/li>\n\n\n\n<li><strong>Wasserdicht<\/strong> versiegelter Eingangsrei\u00dfverschluss<\/li>\n\n\n\n<li><strong>Gr\u00f6\u00dfe in verpacktem Zustand<\/strong> 60 cm x 20 cm<\/li>\n\n\n\n<li><strong>Gewicht<\/strong> 7,1 kg<\/li>\n\n\n\n<li><strong>Farbe<\/strong> Sand (beige)<\/li>\n\n\n\n<li><strong>VAUDE ist eine Top-Marke<\/strong>, wenn es um Zelte geht<\/li>\n\n\n\n<li>freistehende Zeltkonstruktion zum Andocken an den Seiten und am Heck von Autos<\/li>\n\n\n\n<li>passend f\u00fcr Standard-Transporter bis zu einer H\u00f6he von 2,15 m<\/li>\n\n\n\n<li>hervorragende Luftzirkulation durch Netzfenster und Bel\u00fcftungs\u00f6ffnungen<\/li>\n\n\n\n<li>Innenzelt separat erh\u00e4ltlich<\/li>\n\n\n\n<li>Abspannleinen-Sammler und Klemme in einem<\/li>\n\n\n\n<li><a href=\"https:\/\/csr-report.vaude.com\/gri-en\/product\/pvc-free-materials.php\" target=\"_blank\" rel=\"noreferrer noopener\">PVC-freies Material<\/a>: Au\u00dfentuch: 100% Polyester; 75 D Polyurethan beschichtet 3.000 mm.<\/li>\n<\/ul>\n","protected":false},"excerpt":{"rendered":"<p>Das Vaude Drive Van ist ein hervorragendes Autozelt. Er passt in alle Alltagsfahrzeuge &#8211; in Hochdachkombiwie den <a href=\"https:\/\/nimblecamper.com\/product-tag\/caddy\/\">Caddy<\/a>, <a href=\"https:\/\/nimblecamper.com\/product-tag\/berlingo\/\">Berlingo<\/a> oder <a href=\"https:\/\/nimblecamper.com\/product-tag\/nv200\/\">NV200<\/a> oder in gr\u00f6\u00dfere Vans wie den <a href=\"https:\/\/nimblecamper.com\/de\/volkswagen-multivan-camper\/\">Multivan<\/a>. Er bietet viel Platz f\u00fcr meine gesamte Campingausr\u00fcstung und ist einfacher aufzubauen als der <a href=\"https:\/\/nimblecamper.com\/arpenaz-base-m\/\">Arpenaz Base M<\/a>. Die Qualit\u00e4t der Materialien ist beeindruckend, und es f\u00fchlt sich sehr langlebig an.<\/p>\n<p><strong>Lieferung in die EU und nach Gro\u00dfbritannien.<\/strong><\/p>\n<ul>\n<li><strong>Passend f\u00fcr Heckklappen<\/strong>: f\u00fcr alle Heckklappen (Fahrzeugh\u00f6he bis 2,15 m). Das \u00d6ffnungsblech kann \u00fcber die Heckklappe gezogen werden<\/li>\n<li><strong>Passt an die Seitent\u00fcr<\/strong>: sollte an jedes Auto von der Seite durch die gleiche Haupt\u00f6ffnung passen. Die \u00d6ffnungsfolie kann \u00fcber das gesamte Fahrzeug gezogen werden.<\/li>\n<\/ul>\n","protected":false},"featured_media":2013144,"comment_status":"open","ping_status":"closed","template":"","meta":{"_kad_blocks_custom_css":"","_kad_blocks_head_custom_js":"","_kad_blocks_body_custom_js":"","_kad_blocks_footer_custom_js":"","_kad_post_transparent":"","_kad_post_title":"","_kad_post_layout":"","_kad_post_sidebar_id":"","_kad_post_content_style":"","_kad_post_vertical_padding":"","_kad_post_feature":"","_kad_post_feature_position":"","_kad_post_header":false,"_kad_post_footer":false,"_kad_post_classname":""},"product_brand":[],"product_cat":[2000884],"product_tag":[2001421],"class_list":{"0":"post-2013345","1":"product","2":"type-product","3":"status-publish","4":"has-post-thumbnail","6":"product_cat-auto-suv-zelte-und-vorzelte","7":"product_tag-vaude-de","9":"first","10":"instock","11":"sale","12":"shipping-taxable","13":"product-type-external","14":"entry","15":"content-bg","16":"loop-entry"},"taxonomy_info":{"product_cat":[{"value":2000884,"label":"Auto-\/SUV-Zelte und Vorzelte"}],"product_tag":[{"value":2001421,"label":"vaude"}]},"featured_image_src_large":["https:\/\/nimblecamper.com\/wp-content\/uploads\/2021\/05\/car-tent-vaude-drive-van.webp",700,700,false],"author_info":[],"comment_info":0,"_links":{"self":[{"href":"https:\/\/nimblecamper.com\/de\/wp-json\/wp\/v2\/product\/2013345","targetHints":{"allow":["GET"]}}],"collection":[{"href":"https:\/\/nimblecamper.com\/de\/wp-json\/wp\/v2\/product"}],"about":[{"href":"https:\/\/nimblecamper.com\/de\/wp-json\/wp\/v2\/types\/product"}],"replies":[{"embeddable":true,"href":"https:\/\/nimblecamper.com\/de\/wp-json\/wp\/v2\/comments?post=2013345"}],"wp:featuredmedia":[{"embeddable":true,"href":"https:\/\/nimblecamper.com\/de\/wp-json\/wp\/v2\/media\/2013144"}],"wp:attachment":[{"href":"https:\/\/nimblecamper.com\/de\/wp-json\/wp\/v2\/media?parent=2013345"}],"wp:term":[{"taxonomy":"product_brand","embeddable":true,"href":"https:\/\/nimblecamper.com\/de\/wp-json\/wp\/v2\/product_brand?post=2013345"},{"taxonomy":"product_cat","embeddable":true,"href":"https:\/\/nimblecamper.com\/de\/wp-json\/wp\/v2\/product_cat?post=2013345"},{"taxonomy":"product_tag","embeddable":true,"href":"https:\/\/nimblecamper.com\/de\/wp-json\/wp\/v2\/product_tag?post=2013345"}],"curies":[{"name":"wp","href":"https:\/\/api.w.org\/{rel}","templated":true}]}}

<p></p>

<ul class="wp-block-list">
<li><strong>Abmessungen</strong> Länge 350 cm, Breite 335 cm, Höhe 225 cm</li>



<li><strong><strong>Seiten- und Heckfenster mit Moskitonetzen </strong>und eine breite Frontöffnung mit doppeltem Reißverschluss, so dass die Tür oben aufgefangen werden kann</strong></li>



<li><strong>Freistehend &#8211; wegfahrbar</strong> (lassen Sie das Autozelt stehen, wenn Sie mit dem Auto wegfahren)</li>



<li><strong>Wasserdicht</strong> versiegelter Eingangsreißverschluss</li>



<li><strong>Größe in verpacktem Zustand</strong> 60 cm x 20 cm</li>



<li><strong>Gewicht</strong> 7,1 kg</li>



<li><strong>Farbe</strong> Sand (beige)</li>



<li><strong>VAUDE ist eine Top-Marke</strong>, wenn es um Zelte geht</li>



<li>freistehende Zeltkonstruktion zum Andocken an den Seiten und am Heck von Autos</li>



<li>passend für Standard-Transporter bis zu einer Höhe von 2,15 m</li>



<li>hervorragende Luftzirkulation durch Netzfenster und Belüftungsöffnungen</li>



<li>Innenzelt separat erhältlich</li>



<li>Abspannleinen-Sammler und Klemme in einem</li>



<li><a href="https://csr-report.vaude.com/gri-en/product/pvc-free-materials.php" target="_blank" rel="noreferrer noopener">PVC-freies Material</a>: Außentuch: 100% Polyester; 75 D Polyurethan beschichtet 3.000 mm.</li>
</ul>

<p>Das Vaude Drive Van ist ein hervorragendes Autozelt. Er passt in alle Alltagsfahrzeuge &#8211; in Hochdachkombiwie den <a href="https://nimblecamper.com/product-tag/caddy/">Caddy</a>, <a href="https://nimblecamper.com/product-tag/berlingo/">Berlingo</a> oder <a href="https://nimblecamper.com/product-tag/nv200/">NV200</a> oder in größere Vans wie den <a href="https://nimblecamper.com/de/volkswagen-multivan-camper/">Multivan</a>. Er bietet viel Platz für meine gesamte Campingausrüstung und ist einfacher aufzubauen als der <a href="https://nimblecamper.com/arpenaz-base-m/">Arpenaz Base M</a>. Die Qualität der Materialien ist beeindruckend, und es fühlt sich sehr langlebig an.</p>
<p><strong>Lieferung in die EU und nach Großbritannien.</strong></p>
<ul>
<li><strong>Passend für Heckklappen</strong>: für alle Heckklappen (Fahrzeughöhe bis 2,15 m). Das Öffnungsblech kann über die Heckklappe gezogen werden</li>
<li><strong>Passt an die Seitentür</strong>: sollte an jedes Auto von der Seite durch die gleiche Hauptöffnung passen. Die Öffnungsfolie kann über das gesamte Fahrzeug gezogen werden.</li>
</ul>
